{"id":8,"date":"2013-05-24T14:14:58","date_gmt":"2013-05-24T13:14:58","guid":{"rendered":"http:\/\/www.devis-chrono.com\/betherm\/?page_id=8"},"modified":"2022-07-01T08:35:23","modified_gmt":"2022-07-01T07:35:23","slug":"activites","status":"publish","type":"page","link":"https:\/\/www.devis-chrono.com\/betherm\/activites\/","title":{"rendered":"Activit\u00e9s"},"content":{"rendered":"<h1><span class=\"Apple-style-span\" style=\"font-size: 24px; font-weight: bold;\">UNE EXPERTISE TECHNIQUE ET HUMAINE<\/span><\/h1>\n<p>&nbsp;<\/p>\n<div class=\"one-third\"><span style=\"color: #808080;\"><span class=\"Apple-style-span\" style=\"font-size: 15px;\">BETHERM est sp\u00e9cialis\u00e9 dans<br \/>\nle domaine de l\u2019ing\u00e9nierie des fluides<br \/>\net assure ses missions&nbsp;<\/span><span class=\"Apple-style-span\" style=\"font-size: 15px;\">du diagnostic<br \/>\njusqu\u2019\u00e0 la r\u00e9ception des ouvrages.<\/span><\/span><\/p>\n<a class=\"button blue\" href=\"contact\"  >Etudions votre projet<\/a>\n<p><\/div><div class=\"one-third\">Notre \u00e9quipe, compos\u00e9e d\u2019ing\u00e9nieurs et de techniciens hautement qualifi\u00e9s, intervient avec professionnalisme et r\u00e9activit\u00e9 sur vos projets pour vous apporter une qualit\u00e9&nbsp;de conseil optimale.<\/p>\n<p>Notre savoir-faire nous permet de livrer \u00e0 nos clients des ouvrages fonctionnels et fiables, dans le respect des contraintes budg\u00e9taires, environnementales et architecturales.<\/p>\n<p>Nos \u00e9tudes techniques sont r\u00e9alis\u00e9es&nbsp;\u00e0 l\u2019aide de logiciels sp\u00e9cialis\u00e9s&nbsp;dans les domaines de la thermique,&nbsp;de l\u2019\u00e9lectricit\u00e9 et de l\u2019acoustique.&nbsp;Afin de r\u00e9pondre au mieux aux attentes&nbsp;de nos clients, nous faisons \u00e9galement&nbsp;d\u00e9velopper nos propres logiciels par&nbsp;notre partenaire INFORMATHERM.<\/p>\n<p><\/div><div class=\"one-third column-last\"> <strong>LES MOYENS \u00c0 NOTRE DISPOSITION<\/strong><\/p>\n<div data-id=\"closed\" class=\"toggle\"><span class=\"toggle-title\">\u00c9QUIPE<\/span><div class=\"toggle-inner\"><p>&gt; 1 g\u00e9rant : thermicien<br \/>\n&gt;&nbsp;3 charg\u00e9s d\u2019affaires CVC<br \/>\n&gt;&nbsp;2 charg\u00e9s d\u2019affaires g\u00e9nie \u00e9lectrique<br \/>\n&gt;&nbsp;1 charg\u00e9 d\u2019affaire acoustique<br \/>\n&gt;&nbsp;1 r\u00e9f\u00e9rent HQE<br \/>\n&gt; 7&nbsp;thermiciens &#8211; dessinateurs<br \/>\n&gt;&nbsp;1 informaticien<br \/>\n&gt;&nbsp;1 assistante comptable<br \/>\n&gt;&nbsp;1 assistante administrative<\/p><\/div><\/div>\n<div data-id=\"closed\" class=\"toggle\"><span class=\"toggle-title\">\u00c9QUIPEMENTS<\/span><div class=\"toggle-inner\"><p>&gt;&nbsp;18 stations DAO<br \/>\n&gt;&nbsp;T\u00e9l\u00e9m\u00e8tre<br \/>\n&gt;&nbsp;Sonom\u00e8tre<br \/>\n&gt;&nbsp;Pince amp\u00e8rem\u00e9trique<br \/>\n&gt;&nbsp;Tablette tactile<br \/>\n&gt;&nbsp;Malette KIMO (Thermom\u00e8tre, d\u00e9bitm\u00e8tre, an\u00e9mom\u00e8tre, hygrom\u00e8tre)<br \/>\n&gt;&nbsp;1 traceur A0+<br \/>\n&gt;&nbsp;Plastifieuse A3 A2<br \/>\n&gt;&nbsp;Plieuse, coupeuse<br \/>\n&gt;&nbsp;3 imprimantes\/photocopieurs\/t\u00e9l\u00e9copieurs\/scanners num\u00e9riques<br \/><\/div><\/div>\n<div data-id=\"closed\" class=\"toggle\"><span class=\"toggle-title\">LOGICIELS<\/span><div class=\"toggle-inner\"><p>&gt;&nbsp;Logiciels de dessin : AUTOCAD 2017- PLANCAL- AUTOFLUID-REVIT 2017<br \/>\n&gt;&nbsp;Logiciel 3D : PLANCAL-REVIT 2017-ARCHICAD<br \/>\n&gt;&nbsp;Logiciels de calculs thermiques : CLIMAWIN \u2013 PERENNOUD \u2013 PHPP-ULYS ponts thermiques-ULYS menuiseries &#8211; PLEIADES+COMFIE<br \/>\n&gt;&nbsp;Logiciels de Simulation Thermique Dynamique : PLEIADES+COMFIE &#8211; CLIMAWIN<br \/>\n&gt;&nbsp;Logiciel Facteur Lumi\u00e8re du Jour (FLJ) : DiaLUX-DiaLUX EVO<br \/>\n&gt;&nbsp;Logiciel de dimensionnement de solaire thermique : TRANSOL<br \/>\n&gt;&nbsp;Logiciel de dimensionnement de Solaire photovolta\u00efque : PVSOL<br \/>\n&gt;&nbsp;Logiciel de dimensionnement de r\u00e9seau de ventilation : OPTAIR VMC<br \/>\n&gt;&nbsp;Logiciels de dimensionnement colonnes \u00e9lectriques : OLYMPE-ELIUM<br \/>\n&gt;&nbsp;Logiciel de calcul \u00e9lectricit\u00e9 : LISE<br \/>\n&gt;&nbsp;Logiciels pour la simulation Acoustique : dB BATI32 \u2013 CADNAA \u2013 ACOUBAT \u2013 dB TRAIT<br \/>\n&gt;&nbsp;Logiciel d\u2019Analyse de Cycle de vie (Bilan Carbone) : COCON &amp; ELODIE<br \/>\n&gt;&nbsp;Progiciels planchers chauffants : GRAPHIX-MATRIX (cr\u00e9\u00e9 par Informatherm)<br \/><\/div><\/div><\/div>\n","protected":false},"excerpt":{"rendered":"<p>UNE EXPERTISE TECHNIQUE ET HUMAINE &nbsp;<\/p>\n","protected":false},"author":4,"featured_media":0,"parent":0,"menu_order":0,"comment_status":"open","ping_status":"open","template":"template-frontpage.php","meta":[],"acf":[],"yoast_head":"<!-- This site is optimized with the Yoast SEO plugin v20.6 - https:\/\/yoast.com\/wordpress\/plugins\/seo\/ -->\n<title>Betherm, activit\u00e9s - une expertise technique et humaine<\/title>\n<meta name=\"description\" content=\"BETHERM est sp\u00e9cialis\u00e9 dans le domaine de l\u2019ing\u00e9nierie des fluides et assure ses missions du diagnostic jusqu\u2019\u00e0 la r\u00e9ception des ouvrages.\" \/>\n<meta name=\"robots\" content=\"index, follow, max-snippet:-1, max-image-preview:large, max-video-preview:-1\" \/>\n<link rel=\"canonical\" href=\"https:\/\/www.devis-chrono.com\/betherm\/activites\/\" \/>\n<meta property=\"og:locale\" content=\"fr_FR\" \/>\n<meta property=\"og:type\" content=\"article\" \/>\n<meta property=\"og:title\" content=\"Betherm, activit\u00e9s - une expertise technique et humaine\" \/>\n<meta property=\"og:description\" content=\"BETHERM est sp\u00e9cialis\u00e9 dans le domaine de l\u2019ing\u00e9nierie des fluides et assure ses missions du diagnostic jusqu\u2019\u00e0 la r\u00e9ception des ouvrages.\" \/>\n<meta property=\"og:url\" content=\"https:\/\/www.devis-chrono.com\/betherm\/activites\/\" \/>\n<meta property=\"article:modified_time\" content=\"2022-07-01T07:35:23+00:00\" \/>\n<meta name=\"twitter:label1\" content=\"Dur\u00e9e de lecture estim\u00e9e\" \/>\n\t<meta name=\"twitter:data1\" content=\"2 minutes\" \/>\n<script type=\"application\/ld+json\" class=\"yoast-schema-graph\">{\"@context\":\"https:\/\/schema.org\",\"@graph\":[{\"@type\":\"WebPage\",\"@id\":\"https:\/\/www.devis-chrono.com\/betherm\/activites\/\",\"url\":\"https:\/\/www.devis-chrono.com\/betherm\/activites\/\",\"name\":\"Betherm, activit\u00e9s - une expertise technique et humaine\",\"isPartOf\":{\"@id\":\"https:\/\/www.devis-chrono.com\/betherm\/#website\"},\"datePublished\":\"2013-05-24T13:14:58+00:00\",\"dateModified\":\"2022-07-01T07:35:23+00:00\",\"description\":\"BETHERM est sp\u00e9cialis\u00e9 dans le domaine de l\u2019ing\u00e9nierie des fluides et assure ses missions du diagnostic jusqu\u2019\u00e0 la r\u00e9ception des ouvrages.\",\"breadcrumb\":{\"@id\":\"https:\/\/www.devis-chrono.com\/betherm\/activites\/#breadcrumb\"},\"inLanguage\":\"fr-FR\",\"potentialAction\":[{\"@type\":\"ReadAction\",\"target\":[\"https:\/\/www.devis-chrono.com\/betherm\/activites\/\"]}]},{\"@type\":\"BreadcrumbList\",\"@id\":\"https:\/\/www.devis-chrono.com\/betherm\/activites\/#breadcrumb\",\"itemListElement\":[{\"@type\":\"ListItem\",\"position\":1,\"name\":\"Accueil\",\"item\":\"https:\/\/www.devis-chrono.com\/betherm\/\"},{\"@type\":\"ListItem\",\"position\":2,\"name\":\"Activit\u00e9s\"}]},{\"@type\":\"WebSite\",\"@id\":\"https:\/\/www.devis-chrono.com\/betherm\/#website\",\"url\":\"https:\/\/www.devis-chrono.com\/betherm\/\",\"name\":\"\",\"description\":\"Bureau d&#039;\u00e9tudes thermiques, fluides, acoustiques et HQE\",\"publisher\":{\"@id\":\"https:\/\/www.devis-chrono.com\/betherm\/#organization\"},\"potentialAction\":[{\"@type\":\"SearchAction\",\"target\":{\"@type\":\"EntryPoint\",\"urlTemplate\":\"https:\/\/www.devis-chrono.com\/betherm\/?s={search_term_string}\"},\"query-input\":\"required name=search_term_string\"}],\"inLanguage\":\"fr-FR\"},{\"@type\":\"Organization\",\"@id\":\"https:\/\/www.devis-chrono.com\/betherm\/#organization\",\"name\":\"Betherm\",\"url\":\"https:\/\/www.devis-chrono.com\/betherm\/\",\"logo\":{\"@type\":\"ImageObject\",\"inLanguage\":\"fr-FR\",\"@id\":\"https:\/\/www.devis-chrono.com\/betherm\/#\/schema\/logo\/image\/\",\"url\":\"https:\/\/www.devis-chrono.com\/betherm\/wp-content\/uploads\/2013\/05\/logo_betherm.jpg\",\"contentUrl\":\"https:\/\/www.devis-chrono.com\/betherm\/wp-content\/uploads\/2013\/05\/logo_betherm.jpg\",\"width\":297,\"height\":95,\"caption\":\"Betherm\"},\"image\":{\"@id\":\"https:\/\/www.devis-chrono.com\/betherm\/#\/schema\/logo\/image\/\"}}]}<\/script>\n<!-- \/ Yoast SEO plugin. -->","yoast_head_json":{"title":"Betherm, activit\u00e9s - une expertise technique et humaine","description":"BETHERM est sp\u00e9cialis\u00e9 dans le domaine de l\u2019ing\u00e9nierie des fluides et assure ses missions du diagnostic jusqu\u2019\u00e0 la r\u00e9ception des ouvrages.","robots":{"index":"index","follow":"follow","max-snippet":"max-snippet:-1","max-image-preview":"max-image-preview:large","max-video-preview":"max-video-preview:-1"},"canonical":"https:\/\/www.devis-chrono.com\/betherm\/activites\/","og_locale":"fr_FR","og_type":"article","og_title":"Betherm, activit\u00e9s - une expertise technique et humaine","og_description":"BETHERM est sp\u00e9cialis\u00e9 dans le domaine de l\u2019ing\u00e9nierie des fluides et assure ses missions du diagnostic jusqu\u2019\u00e0 la r\u00e9ception des ouvrages.","og_url":"https:\/\/www.devis-chrono.com\/betherm\/activites\/","article_modified_time":"2022-07-01T07:35:23+00:00","twitter_misc":{"Dur\u00e9e de lecture estim\u00e9e":"2 minutes"},"schema":{"@context":"https:\/\/schema.org","@graph":[{"@type":"WebPage","@id":"https:\/\/www.devis-chrono.com\/betherm\/activites\/","url":"https:\/\/www.devis-chrono.com\/betherm\/activites\/","name":"Betherm, activit\u00e9s - une expertise technique et humaine","isPartOf":{"@id":"https:\/\/www.devis-chrono.com\/betherm\/#website"},"datePublished":"2013-05-24T13:14:58+00:00","dateModified":"2022-07-01T07:35:23+00:00","description":"BETHERM est sp\u00e9cialis\u00e9 dans le domaine de l\u2019ing\u00e9nierie des fluides et assure ses missions du diagnostic jusqu\u2019\u00e0 la r\u00e9ception des ouvrages.","breadcrumb":{"@id":"https:\/\/www.devis-chrono.com\/betherm\/activites\/#breadcrumb"},"inLanguage":"fr-FR","potentialAction":[{"@type":"ReadAction","target":["https:\/\/www.devis-chrono.com\/betherm\/activites\/"]}]},{"@type":"BreadcrumbList","@id":"https:\/\/www.devis-chrono.com\/betherm\/activites\/#breadcrumb","itemListElement":[{"@type":"ListItem","position":1,"name":"Accueil","item":"https:\/\/www.devis-chrono.com\/betherm\/"},{"@type":"ListItem","position":2,"name":"Activit\u00e9s"}]},{"@type":"WebSite","@id":"https:\/\/www.devis-chrono.com\/betherm\/#website","url":"https:\/\/www.devis-chrono.com\/betherm\/","name":"","description":"Bureau d&#039;\u00e9tudes thermiques, fluides, acoustiques et HQE","publisher":{"@id":"https:\/\/www.devis-chrono.com\/betherm\/#organization"},"potentialAction":[{"@type":"SearchAction","target":{"@type":"EntryPoint","urlTemplate":"https:\/\/www.devis-chrono.com\/betherm\/?s={search_term_string}"},"query-input":"required name=search_term_string"}],"inLanguage":"fr-FR"},{"@type":"Organization","@id":"https:\/\/www.devis-chrono.com\/betherm\/#organization","name":"Betherm","url":"https:\/\/www.devis-chrono.com\/betherm\/","logo":{"@type":"ImageObject","inLanguage":"fr-FR","@id":"https:\/\/www.devis-chrono.com\/betherm\/#\/schema\/logo\/image\/","url":"https:\/\/www.devis-chrono.com\/betherm\/wp-content\/uploads\/2013\/05\/logo_betherm.jpg","contentUrl":"https:\/\/www.devis-chrono.com\/betherm\/wp-content\/uploads\/2013\/05\/logo_betherm.jpg","width":297,"height":95,"caption":"Betherm"},"image":{"@id":"https:\/\/www.devis-chrono.com\/betherm\/#\/schema\/logo\/image\/"}}]}},"_links":{"self":[{"href":"https:\/\/www.devis-chrono.com\/betherm\/wp-json\/wp\/v2\/pages\/8"}],"collection":[{"href":"https:\/\/www.devis-chrono.com\/betherm\/wp-json\/wp\/v2\/pages"}],"about":[{"href":"https:\/\/www.devis-chrono.com\/betherm\/wp-json\/wp\/v2\/types\/page"}],"author":[{"embeddable":true,"href":"https:\/\/www.devis-chrono.com\/betherm\/wp-json\/wp\/v2\/users\/4"}],"replies":[{"embeddable":true,"href":"https:\/\/www.devis-chrono.com\/betherm\/wp-json\/wp\/v2\/comments?post=8"}],"version-history":[{"count":49,"href":"https:\/\/www.devis-chrono.com\/betherm\/wp-json\/wp\/v2\/pages\/8\/revisions"}],"predecessor-version":[{"id":1253,"href":"https:\/\/www.devis-chrono.com\/betherm\/wp-json\/wp\/v2\/pages\/8\/revisions\/1253"}],"wp:attachment":[{"href":"https:\/\/www.devis-chrono.com\/betherm\/wp-json\/wp\/v2\/media?parent=8"}],"curies":[{"name":"wp","href":"https:\/\/api.w.org\/{rel}","templated":true}]}}