{"id":16,"date":"2013-05-24T14:16:26","date_gmt":"2013-05-24T13:16:26","guid":{"rendered":"http:\/\/www.devis-chrono.com\/betherm\/?page_id=16"},"modified":"2023-06-19T09:45:48","modified_gmt":"2023-06-19T08:45:48","slug":"telechargements","status":"publish","type":"page","link":"https:\/\/www.devis-chrono.com\/betherm\/telechargements\/","title":{"rendered":"T\u00e9l\u00e9chargements"},"content":{"rendered":"<h2>RETROUVEZ CI-DESSOUS LES DOCUMENTS DISPONIBLES AU T\u00c9L\u00c9CHARGEMENT<\/h2>\n\n\n<p><\/p>\n\n\n\n<div class=\"wp-container-1 wp-block-group\"><div class=\"wp-block-group__inner-container\">\n<div class=\"wp-block-file aligncenter\"><a href=\"https:\/\/www.devis-chrono.com\/betherm\/wp-content\/uploads\/2022\/07\/DEMANDE_DETUDE_PLANCHER_CHAUFFANT.pdf\" class=\"wp-block-file__button\" download=\"\">T\u00e9l\u00e9charger la demande d\u2019\u00e9tude plancher chauffant<\/a><\/div>\n\n\n\n<p><\/p>\n<\/div><\/div>\n\n\n\n<div class=\"wp-container-3 wp-block-group\"><div class=\"wp-block-group__inner-container\">\n<div class=\"wp-block-file aligncenter\"><a href=\"https:\/\/www.devis-chrono.com\/betherm\/wp-content\/uploads\/2022\/07\/FICHE_DE_RENSEIGNEMENTS_RE2020.pdf\" class=\"wp-block-file__button\" download=\"\" aria-describedby=\"wp-block-file--media-dc4ddd8d-6bdd-4b1c-a85f-ea9d356134cd\">T\u00e9l\u00e9charger la fiche de renseignements RE 2020<\/a><\/div>\n\n\n\n<div class=\"wp-container-2 wp-block-group\"><div class=\"wp-block-group__inner-container\">\n<div class=\"wp-block-file aligncenter\"><a href=\"https:\/\/www.devis-chrono.com\/betherm\/wp-content\/uploads\/2023\/06\/Attestation-NF-HABITAT-HQE-2023.pdf\" class=\"wp-block-file__button\" download=\"\">T\u00e9l\u00e9charger l&rsquo;attestation NF HABITAT HQE 2023<\/a><\/div>\n\n\n\n<p><\/p>\n<\/div><\/div>\n\n\n<\/div><\/div>\n\n\n\n<div class=\"wp-container-4 wp-block-group\"><div class=\"wp-block-group__inner-container\"><\/div><\/div>\n\n\n\n<p><\/p>\n","protected":false},"excerpt":{"rendered":"<p>RETROUVEZ CI-DESSOUS LES DOCUMENTS DISPONIBLES AU T\u00c9L\u00c9CHARGEMENT T\u00e9l\u00e9charger la demande d\u2019\u00e9tude plancher chauffant T\u00e9l\u00e9charger la fiche de renseignements RE 2020 T\u00e9l\u00e9charger l&rsquo;attestation NF HABITAT HQE 2023<\/p>\n","protected":false},"author":4,"featured_media":0,"parent":0,"menu_order":0,"comment_status":"open","ping_status":"open","template":"template-telechargements.php","meta":[],"acf":[],"yoast_head":"<!-- This site is optimized with the Yoast SEO plugin v20.6 - https:\/\/yoast.com\/wordpress\/plugins\/seo\/ -->\n<title>Betherm, t\u00e9l\u00e9chargements<\/title>\n<meta name=\"description\" content=\"T\u00e9l\u00e9chargements\" \/>\n<meta name=\"robots\" content=\"index, follow, max-snippet:-1, max-image-preview:large, max-video-preview:-1\" \/>\n<link rel=\"canonical\" href=\"https:\/\/www.devis-chrono.com\/betherm\/telechargements\/\" \/>\n<meta property=\"og:locale\" content=\"fr_FR\" \/>\n<meta property=\"og:type\" content=\"article\" \/>\n<meta property=\"og:title\" content=\"Betherm, t\u00e9l\u00e9chargements\" \/>\n<meta property=\"og:description\" content=\"T\u00e9l\u00e9chargements\" \/>\n<meta property=\"og:url\" content=\"https:\/\/www.devis-chrono.com\/betherm\/telechargements\/\" \/>\n<meta property=\"article:modified_time\" content=\"2023-06-19T08:45:48+00:00\" \/>\n<meta name=\"twitter:label1\" content=\"Dur\u00e9e de lecture estim\u00e9e\" \/>\n\t<meta name=\"twitter:data1\" content=\"1 minute\" \/>\n<script type=\"application\/ld+json\" class=\"yoast-schema-graph\">{\"@context\":\"https:\/\/schema.org\",\"@graph\":[{\"@type\":\"WebPage\",\"@id\":\"https:\/\/www.devis-chrono.com\/betherm\/telechargements\/\",\"url\":\"https:\/\/www.devis-chrono.com\/betherm\/telechargements\/\",\"name\":\"Betherm, t\u00e9l\u00e9chargements\",\"isPartOf\":{\"@id\":\"https:\/\/www.devis-chrono.com\/betherm\/#website\"},\"datePublished\":\"2013-05-24T13:16:26+00:00\",\"dateModified\":\"2023-06-19T08:45:48+00:00\",\"description\":\"T\u00e9l\u00e9chargements\",\"breadcrumb\":{\"@id\":\"https:\/\/www.devis-chrono.com\/betherm\/telechargements\/#breadcrumb\"},\"inLanguage\":\"fr-FR\",\"potentialAction\":[{\"@type\":\"ReadAction\",\"target\":[\"https:\/\/www.devis-chrono.com\/betherm\/telechargements\/\"]}]},{\"@type\":\"BreadcrumbList\",\"@id\":\"https:\/\/www.devis-chrono.com\/betherm\/telechargements\/#breadcrumb\",\"itemListElement\":[{\"@type\":\"ListItem\",\"position\":1,\"name\":\"Accueil\",\"item\":\"https:\/\/www.devis-chrono.com\/betherm\/\"},{\"@type\":\"ListItem\",\"position\":2,\"name\":\"T\u00e9l\u00e9chargements\"}]},{\"@type\":\"WebSite\",\"@id\":\"https:\/\/www.devis-chrono.com\/betherm\/#website\",\"url\":\"https:\/\/www.devis-chrono.com\/betherm\/\",\"name\":\"\",\"description\":\"Bureau d&#039;\u00e9tudes thermiques, fluides, acoustiques et HQE\",\"publisher\":{\"@id\":\"https:\/\/www.devis-chrono.com\/betherm\/#organization\"},\"potentialAction\":[{\"@type\":\"SearchAction\",\"target\":{\"@type\":\"EntryPoint\",\"urlTemplate\":\"https:\/\/www.devis-chrono.com\/betherm\/?s={search_term_string}\"},\"query-input\":\"required name=search_term_string\"}],\"inLanguage\":\"fr-FR\"},{\"@type\":\"Organization\",\"@id\":\"https:\/\/www.devis-chrono.com\/betherm\/#organization\",\"name\":\"Betherm\",\"url\":\"https:\/\/www.devis-chrono.com\/betherm\/\",\"logo\":{\"@type\":\"ImageObject\",\"inLanguage\":\"fr-FR\",\"@id\":\"https:\/\/www.devis-chrono.com\/betherm\/#\/schema\/logo\/image\/\",\"url\":\"https:\/\/www.devis-chrono.com\/betherm\/wp-content\/uploads\/2013\/05\/logo_betherm.jpg\",\"contentUrl\":\"https:\/\/www.devis-chrono.com\/betherm\/wp-content\/uploads\/2013\/05\/logo_betherm.jpg\",\"width\":297,\"height\":95,\"caption\":\"Betherm\"},\"image\":{\"@id\":\"https:\/\/www.devis-chrono.com\/betherm\/#\/schema\/logo\/image\/\"}}]}<\/script>\n<!-- \/ Yoast SEO plugin. -->","yoast_head_json":{"title":"Betherm, t\u00e9l\u00e9chargements","description":"T\u00e9l\u00e9chargements","robots":{"index":"index","follow":"follow","max-snippet":"max-snippet:-1","max-image-preview":"max-image-preview:large","max-video-preview":"max-video-preview:-1"},"canonical":"https:\/\/www.devis-chrono.com\/betherm\/telechargements\/","og_locale":"fr_FR","og_type":"article","og_title":"Betherm, t\u00e9l\u00e9chargements","og_description":"T\u00e9l\u00e9chargements","og_url":"https:\/\/www.devis-chrono.com\/betherm\/telechargements\/","article_modified_time":"2023-06-19T08:45:48+00:00","twitter_misc":{"Dur\u00e9e de lecture estim\u00e9e":"1 minute"},"schema":{"@context":"https:\/\/schema.org","@graph":[{"@type":"WebPage","@id":"https:\/\/www.devis-chrono.com\/betherm\/telechargements\/","url":"https:\/\/www.devis-chrono.com\/betherm\/telechargements\/","name":"Betherm, t\u00e9l\u00e9chargements","isPartOf":{"@id":"https:\/\/www.devis-chrono.com\/betherm\/#website"},"datePublished":"2013-05-24T13:16:26+00:00","dateModified":"2023-06-19T08:45:48+00:00","description":"T\u00e9l\u00e9chargements","breadcrumb":{"@id":"https:\/\/www.devis-chrono.com\/betherm\/telechargements\/#breadcrumb"},"inLanguage":"fr-FR","potentialAction":[{"@type":"ReadAction","target":["https:\/\/www.devis-chrono.com\/betherm\/telechargements\/"]}]},{"@type":"BreadcrumbList","@id":"https:\/\/www.devis-chrono.com\/betherm\/telechargements\/#breadcrumb","itemListElement":[{"@type":"ListItem","position":1,"name":"Accueil","item":"https:\/\/www.devis-chrono.com\/betherm\/"},{"@type":"ListItem","position":2,"name":"T\u00e9l\u00e9chargements"}]},{"@type":"WebSite","@id":"https:\/\/www.devis-chrono.com\/betherm\/#website","url":"https:\/\/www.devis-chrono.com\/betherm\/","name":"","description":"Bureau d&#039;\u00e9tudes thermiques, fluides, acoustiques et HQE","publisher":{"@id":"https:\/\/www.devis-chrono.com\/betherm\/#organization"},"potentialAction":[{"@type":"SearchAction","target":{"@type":"EntryPoint","urlTemplate":"https:\/\/www.devis-chrono.com\/betherm\/?s={search_term_string}"},"query-input":"required name=search_term_string"}],"inLanguage":"fr-FR"},{"@type":"Organization","@id":"https:\/\/www.devis-chrono.com\/betherm\/#organization","name":"Betherm","url":"https:\/\/www.devis-chrono.com\/betherm\/","logo":{"@type":"ImageObject","inLanguage":"fr-FR","@id":"https:\/\/www.devis-chrono.com\/betherm\/#\/schema\/logo\/image\/","url":"https:\/\/www.devis-chrono.com\/betherm\/wp-content\/uploads\/2013\/05\/logo_betherm.jpg","contentUrl":"https:\/\/www.devis-chrono.com\/betherm\/wp-content\/uploads\/2013\/05\/logo_betherm.jpg","width":297,"height":95,"caption":"Betherm"},"image":{"@id":"https:\/\/www.devis-chrono.com\/betherm\/#\/schema\/logo\/image\/"}}]}},"_links":{"self":[{"href":"https:\/\/www.devis-chrono.com\/betherm\/wp-json\/wp\/v2\/pages\/16"}],"collection":[{"href":"https:\/\/www.devis-chrono.com\/betherm\/wp-json\/wp\/v2\/pages"}],"about":[{"href":"https:\/\/www.devis-chrono.com\/betherm\/wp-json\/wp\/v2\/types\/page"}],"author":[{"embeddable":true,"href":"https:\/\/www.devis-chrono.com\/betherm\/wp-json\/wp\/v2\/users\/4"}],"replies":[{"embeddable":true,"href":"https:\/\/www.devis-chrono.com\/betherm\/wp-json\/wp\/v2\/comments?post=16"}],"version-history":[{"count":80,"href":"https:\/\/www.devis-chrono.com\/betherm\/wp-json\/wp\/v2\/pages\/16\/revisions"}],"predecessor-version":[{"id":1348,"href":"https:\/\/www.devis-chrono.com\/betherm\/wp-json\/wp\/v2\/pages\/16\/revisions\/1348"}],"wp:attachment":[{"href":"https:\/\/www.devis-chrono.com\/betherm\/wp-json\/wp\/v2\/media?parent=16"}],"curies":[{"name":"wp","href":"https:\/\/api.w.org\/{rel}","templated":true}]}}